+ 8. What are the prime factors of h?
5
Suppose -2*a = -6, 5*w - 2 = -4*a - 0. Let g = 13 - w. What are the prime factors of g?
3, 5
Let a(i) = 2*i**2 + 5*i + 2. Let p(q) = q + 1. Let h(l) = a(l) - 3*p(l). List the prime factors of h(1).
3
Let n = 1 + 1. List the prime factors of 30/4*1*n.
3, 5
Let k(c) = -c. Let y be k(2). Let l(j) = -j. List the prime factors of l(y).
2
Let z be ((-2)/4)/((-4)/(-8)). Let g = z - 5. Let b = 10 + g. What are the prime factors of b?
2
Let p(c) = c**2 - 4. Let o be p(3). Suppose i - o*d = 40, 4*i + 0*i = 4*d + 176. List the prime factors of i.
3, 5
Suppose 5*h - 192 = -57. Let c = 35 - 50. Let v = h + c. List the prime factors of v.
2, 3
Suppose 3*p - 4*p + 38 = 0. Let l be -2 + 4/2 - p. Let v = -27 - l. What are the prime factors of v?
11
Let d be 30/(-4) - 4/8. Let n = d - -6. What are the prime factors of (0 - n)/((-4)/(-10))?
5
What are the prime factors of -4*(-1 - 21/2)?
2, 23
Let k(d) = d + 3 - 4 + 11*d**3 + 6*d**3. Let s be k(1). Suppose -7 + s = 5*v. What are the prime factors of v?
2
Let a(f) = 6*f**2 - 4*f + 4. Let b(q) = -5*q**2 + 4*q - 3. Suppose c = 1 - 6. Let o(s) = c*b(s) - 4*a(s). What are the prime factors of o(6)?
11
Let v(p) = -p**3 - 7*p**2 - 8*p - 3. Let k be v(-5). Let w = -7 - k. What are the prime factors of w?
2, 3
Let c(h) = 0*h - 2*h + h - 4. List the prime factors of c(-6).
2
Let j(d) be the second derivative of -9*d**5/20 - d**4/12 + d**3/6 + d**2/2 + 4*d. What are the prime factors of j(-1)?
2
Let g be (-10)/(-6) + 3/9. Suppose 7*n = 3*n - 12, g*i + n + 3 = 0. Suppose 5*l - 8 = 3*k - 0, k + 3*l - 16 = i. List the prime factors of k.
2
Let r = 38 - 12. Suppose -r = 5*s - 146. Suppose 2*o - 5*g - s = 0, -o + 5*g = 4*o - 60. What are the prime factors of o?
2, 3
Let p(c) = 10*c - 6. Let z be p(-9). List the prime factors of ((-15)/4)/(18/z).
2, 5
Suppose -4*b = 3*y - 398, 0 = 2*y + 5*b - 53 - 210. List the prime factors of y.
2, 67
Let f = 143 - 100. List the prime factors of f.
43
Suppose 2 = -2*o + 12. Suppose -3*f + 8 = i - 2*f, -i = o*f - 24. List the prime factors of i.
2
Suppose 103 = -5*q + 1623. List the prime factors of q.
2, 19
Let k = -11 + 25. Let s = k + 1. List the prime factors of s.
3, 5
Let h = -44 - -123. List the prime factors of h.
79
Let z = -5 - -15. Let k = z + 7. List the prime factors of k.
17
Suppose 4*h + 124 = -0*h. Let p = -17 - h. Suppose 2*l + 0 = p. List the prime factors of l.
7
Suppose 18 + 64 = t. List the prime factors of t.
2, 41
Let t(m) = m - 9*m + 8*m**2 + 0*m**2 + 3 - m**3. List the prime factors of t(6).
3
Suppose 4*v - v - 42 = 0. What are the prime factors of v?
2, 7
Suppose -5*t + 10*t + 5*y - 275 = 0, 0 = 3*t - 5*y - 205. What are the prime factors of t?
2, 3, 5
Let k = 7 + -3. Let r be (-2)/(k/6 - 0). List the prime factors of r*11*(-3)/9.
11
What are the prime factors of (-3)/((-4)/68*(0 + 1))?
3, 17
Let n = 9 + -2. Let u(j) = 2*j + 8. What are the prime factors of u(n)?
2, 11
Suppose -q + 4*b = -2*q + 22, 4*b - 24 = -2*q. Suppose -4*d - 4*i = -d + 8, 0 = d + q*i + 6. What are the prime factors of 12/(-16)*d/(-1)?
3
Let m be ((-12)/8)/((-3)/56). Suppose 0 = -2*v + 12 + 20. Let c = m - v. What are the prime factors of c?
2, 3
Suppose -9*z = -4*z + 55. Let n = z + 15. List the prime factors of n.
2
Let u(p) = 5*p**2 - 5*p - 2*p**2 + 3 - 6. Let x be u(-3). Suppose 0 = -3*a - 3 + x. What are the prime factors of a?
2, 3
Let m(v) be the second derivative of v**5/20 - 5*v**4/6 + 11*v**3/6 + 4*v**2 - 5*v. List the prime factors of m(9).
2, 13
Let k(h) = -2*h**3 - 6*h**2 - 5*h - 7. Let g be k(6). List the prime factors of (-4)/10 + g/(-25).
3
Let d(w) = 9*w + 1. Let p = 10 + -8. List the prime factors of d(p).
19
Suppose -m = m - 10. Suppose 0 = -m*j + 148 - 18. List the prime factors of j.
2, 13
List the prime factors of ((-402)/4)/(45/(-30)).
67
Let b be 0 - (-1 + 1/(-1)). Let c(t) be the second derivative of t**5/20 - t**3/6 - 12*t. List the prime factors of c(b).
2, 3
Suppose 22 = 4*t - 50. Suppose 0 = l - q - t, -4*l - 5*q + 37 = -26. What are the prime factors of l?
17
Suppose 5*k = 6 + 14. Let q = k - -13. Suppose -4*d + q = -19. List the prime factors of d.
3
Let u be (-2 - (-2 + -1))*1. Suppose -2*g + 13 = u. List the prime factors of 4/g*(-33)/(-2).
11
Suppose 3*y + y + 3*i - 213 = 0, -4*y = -2*i - 198. List the prime factors of y.
3, 17
Suppose -2*c + 6 = -0*c. What are the prime factors of 68/(-6)*c/(-2)?
17
Let s = -7 - -11. Suppose s*z = 7*z - 12. What are the prime factors of z?
2
Let a be 66*(10/4 + -3). Let i = a - -58. What are the prime factors of i?
5
Suppose 3*t = 15 - 3. Suppose 0 = -3*o - 9, -o = -t*b - 2*o + 149. List the prime factors of b.
2, 19
Let w(r) = -2*r. Let p be w(11). Let j = p - -52. Let h = 43 - j. List the prime factors of h.
13
Let v(l) = -68*l + 3. What are the prime factors of v(-1)?
71
What are the prime factors of (58/6)/((-3)/(-90))?
2, 5, 29
Let y = 6 - 3. Suppose -q = y*b - 3, 2*q + 3 + 11 = 4*b. List the prime factors of b.
2
Suppose 2*o = -o + 270. Let f = -5 + 10. Suppose -5*k + 3*h = -o, f*h - 15 - 94 = -4*k. What are the prime factors of k?
3, 7
Let s(r) = -r**2 - 2*r + 8. Let y be s(-6). Let t = -9 - y. Suppose 0 = o - 2*o - 2*q + 6, -t = -o - q. What are the prime factors of o?
2
Suppose -12*k = -16*k + 128. List the prime factors of k.
2
Let n(b) = -b**3 + b + 3. Let j(k) = -k**2 - 2*k - 1. Let p be j(-1). Let s be n(p). Let x = s - -11. List the prime factors of x.
2, 7
List the prime factors of 28/42 - (-206)/6.
5, 7
Let s be 2/10 - (-298)/10. What are the prime factors of 888/s - (-4)/10?
2, 3, 5
Let z be 67 + -5 + 0/(-1). List the prime factors of (-7)/(-14) + z/4.
2
Suppose g + 4*x = -2 + 55, -5*g = 3*x - 214. Let o = g + -14. Let p = o - 17. What are the prime factors of p?
2, 5
Let t(b) = 4*b + 42. List the prime factors of t(13).
2, 47
Suppose -2*z + 4*o + 12 - 4 = 0, 5*z - 3*o = 27. Suppose 0 = -w - 2*w + z. What are the prime factors of w?
2
Let a(z) = z. Let f be a(5). Let c(x) = -x**3 + 5*x**2 - x + 6. Let j be c(f). List the prime factors of ((-4)/(-12))/(j/15).
5
Let k = -39 - 0. What are the prime factors of 318/39 - (-6)/k?
2
Let m = 1 + 2. Suppose 7*w + 5*s + 27 = m*w, w = -5*s + 12. Let u = 33 + w. What are the prime factors of u?
2, 5
Suppose 6*j - 2*j = -2*p + 46, -3*p + 29 = -2*j. List the prime factors of p.
13
Suppose -m - 2*m = 0. Suppose -3*g + 5 + 55 = m. List the prime factors of g.
2, 5
Let h be 15*(-3)/6*-4. Let z = h - -4. Suppose -z = -4*q - q - 4*y, 0 = 5*q - 4*y - 26. What are the prime factors of q?
2, 3
Let c(o) = -5*o + 7. Let p be c(7). Let k = -12 - p. List the prime factors of k.
2
Let n(j) = -j**2 + 8*j - 2. Let q be n(8). What are the prime factors of 15/q*(-12)/9?
2, 5
Suppose 0 = -2*b + 5*n + 36 + 17, -4*b = n - 51. What are the prime factors of b?
2, 7
Suppose 3*c = 4 + 11, -70 = 5*x - 3*c. Let s = x + 23. What are the prime factors of s?
2, 3
Suppose -4*n = -5*p - 10, p + 2*p - n - 1 = 0. Suppose -p*b - 16 = -4. Let m(c) = -3*c + 4. What are the prime factors of m(b)?
2, 11
Suppose 5 = -3*l + 137. What are the prime factors of l?
2, 11
Let c = 52 + -2. What are the prime factors of c?
2, 5
Let p(g) = 2*g + 12. Let z be p(-9). Let o be 16/z + (-2)/(-3). List the prime factors of 1*(0 + (2 - o)).
2
Let s(n) = -n**3 + 2*n**2 + n + 1. Let x be s(2). Suppose -u - u - 6 = r, 12 = -x*u. List the prime factors of (r*-1 + -2)*-1.
2
Suppose 2*l + 2*j - 3 = 3*l, 2*l + 31 = -j. Let d = -9 - l. List the prime factors of d.
2
Let q(d) = -d**3 - 5*d**2 + 5. Let x be q(-5). Let a = 0 + x. Suppose 4*n + 3*m = 47, -2*m = a*n + 9 - 59. List the prime factors of n.
2
Let k be 2 - -1 - (2 + -4). Suppose k*l + 15 = 80. What are the prime factors of l?
13
Suppose -7*m + 420 = -4*m. List the prime factors of m.
2, 5, 7
Let k(n) = -3*n**3 + 2 - 13*n**3 - 1 + 2*n**3. What are the prime factors of k(-1)?
3, 5
Let g = 0 + 5. Suppose -r = r - 3*c - 12, 30 = g*r - c. List the prime factors of r - 1/2*4.
2
List the prime factors of 10*(-22)/(-33)*21/2.
2, 5, 7
Suppose -r + 13 = 3*y, -3*r + 5*y - 11 = 6. Let b(h) = 5*h**3. What are the prime factors of b(r)?
5
Let s be (10/4)/(3/6). Suppose 0 = 2*z - 3*z + 2*p - 1, -s*p + 13 = z. What are the prime factors of z?
3
What are 